(k) be the third derivative of 31*k**2 + 0*k + 0 + h*k**3 + 1/12*k**4. Give x(1).
3
Let s(p) be the third derivative of p**6/120 + p**5/20 - p**4/12 - 2*p**3/3 - 6*p**2. Let z be (-100)/24 - (-115)/(-138). Give s(z).
-44
Let c(i) be the third derivative of -4 + 0*i**5 + 0*i + 5/6*i**3 - 1/120*i**6 - 11*i**2 + 0*i**4. Let h(a) = a**2 - 4*a - 5. Let z be h(5). What is c(z)?
5
Suppose 863 = 240*m - 2977. Let i(t) = 3*t**2 - 48*t - 11. Determine i(m).
-11
Let b(p) be the second derivative of -p**4/6 + 5*p**3/2 - 18*p**2 - 6665*p. What is b(4)?
-8
Let w(n) = -39*n - 45*n - 30*n + 105*n - 56. What is w(-7)?
7
Suppose 3*b + 2*b - 10 = -5*n, 0 = -3*n + b + 14. Suppose -3 = 5*i + 12, -3*i = -n*c + 33. Let x(h) = 0*h**2 - 3 - h**2 - h**2 - 6*h + 3*h**2. What is x(c)?
-3
Let c(l) = l**3 + l**2 + 2*l. Suppose -274*y + 2 - 23 = -281*y. Calculate c(y).
42
Let v(j) = 4*j**2 - 16*j - 28. Let r be v(-13). Let d be r/36 - 2/(-9). Let t be d/16 - (-13)/(-2). Let i(x) = -x**3 - 6*x**2 - 6*x - 7. Determine i(t).
-2
Let z = -187 + 99. Let g = z + 91. Let x(n) = 4*n + 12*n**2 - g*n - 8*n**2 + 0*n - 2 + n**3. Determine x(-4).
-6
Let a be 27/5 + 24/(-60). Let v = 4 - a. Let b(m) = m**3 + m. Let h(x) = 7*x**3 + 2*x**2 + 6*x + 1. Let r(l) = 4*b(l) - h(l). Determine r(v).
2
Let k = -155 + 114. Let u = k + 44. Let w(c) = 3*c + 2 - 2*c**2 + 0 + c**2. Determine w(u).
2
Let m(s) = 8 - 4 - 6 + 1 + 2. Let y(o) = 2*o + 3. Let f(q) = -4*m(q) + y(q). Let w(v) = -v**3 + 5*v**2 + v - 7. Let b be w(5). Give f(b).
-5
Let g(x) = -x**2 - 3*x - 10. Let a(w) = 6*w**2 + 12*w + 17. Let q(h) = a(h) + 5*g(h). Determine q(-4).
-5
Let b = -989 - -979. Let u(g) = -3*g**2 - 31*g - 4. What is u(b)?
6
Suppose 0*d = d + 5*m - 2, d - 2 = -4*m. Let b(u) = -4*u + 6. Let h(z) = 7*z - 12. Let n(k) = -5*b(k) - 3*h(k). What is n(d)?
4
Let s(r) = r + 5. Suppose 0 = -272*k + 336*k - 576. Calculate s(k).
14
Let h(w) = -w**2 - 7*w + 3. Let d(u) = -u**2 + 8*u**2 - 5*u + 7 - 8*u**2. Let z be d(-5). Let p be (z/(-3))/(3/9). Determine h(p).
3
Let w = -6373 + 6350. Let v(a) = -2*a**3 - 46*a**2 - 17. Give v(w).
-17
Let r(l) be the first derivative of -l**2 - 33*l + 11066. Give r(-5).
-23
Let g be 4*9*(1 + (-11 - -3)). Let h = -245 - g. Let k(x) = -x**3 + 8*x**2 - 9*x + 1. Give k(h).
-13
Let h(l) be the first derivative of l**3/3 - l**2/2 - l + 119. What is h(3)?
5
Let a be (4 - 2)*(5 + (-70)/7 + 3). Let j(s) = -s**2 + 5*s - 1. Determine j(a).
-37
Let a(s) = 86*s**3 + 24*s - 7*s**2 - 85*s**3 - 11 + 13*s**2 + 5*s**2 + 0*s**2. What is a(-8)?
-11
Let t = -50847 - -50841. Let a(n) = -12*n - 45. Let q(i) = -4*i - 15. Let s(b) = -3*a(b) + 8*q(b). Calculate s(t).
-9
Let o(w) = -w - 1. Let a(h) = 8*h + 9. Let b(l) = a(l) + 3*o(l). Let m = 249 - 256. What is b(m)?
-29
Let j(n) = 27*n**2 + 3*n - 2. Let f(l) = 166*l + 3654. Let o be f(-22). Determine j(o).
112
Suppose 82*k = 85*k + 9. Suppose -5 + 25 = 4*z. Let f(g) = g + z*g - 4 - 4*g - 4*g. Give f(k).
2
Let r(c) be the second derivative of c**4/12 - 5*c**3/3 + 15*c**2 - 5346*c. What is r(11)?
41
Suppose 39*q - 68 = 5*q. Let u be ((-1)/(-4))/(q/(-16)). Let v(t) = 2*t**3 + 2*t**2 + 4*t + 2. What is v(u)?
-14
Let u be 634/30 - 19/(570/4). Suppose 4*p + u = -3*l, -2*l + 1 = 3*p + 16. Let g(s) = s**2 + 2. Give g(p).
11
Let k(p) = 13*p**2 + p + 1. Let b = 366 - 363. Suppose 0*l - 3 = b*l. Give k(l).
13
Let n(r) be the first derivative of -7*r**6/360 - r**5/120 - 53*r**3/3 - 40. Let g(m) be the third derivative of n(m). Give g(-1).
-6
Let d(j) = -159 + 126 + 42*j - 95*j + 46*j. Give d(6).
-75
Let k(h) = -10*h**2 + 884*h - 20 + 19 - 3*h**3 - 9 - 888*h. What is k(-4)?
38
Suppose -g = 17*u - 22*u - 41, 2*g = -5*u + 52. Let j(n) = 27*n**2 - g*n**2 - 2*n + n**3 + 3*n + 2 + 0*n**3. What is j(3)?
-4
Let r(l) = -l**3 + 6*l**2 + 3*l - 6. Let b(v) = -2*v**3 + 5*v**2 + 4*v - 7. Suppose -44*j - 93 - 39 = 0. Let g(f) = j*r(f) + 2*b(f). Give g(-8).
12
Let b(d) = 0 - 2 - 369*d + 6 - 7 + 372*d. Suppose -4*f = 2*t - 8, 3*f - 5 = -t - 0. What is b(t)?
3
Let h(t) = 70*t + 1. Let k(j) = -636*j - 12. Let l(b) = -9*h(b) - k(b). Let x(w) = -w + 7. Let i be x(5). Let y be -3 - (i + -1)*-1. Give l(y).
-9
Let t = 8 + -5. Let w(h) = 7*h - 18*h**3 - 2 + 17*h**3 + 5*h**2 - t + 4. Let f = -17 - -23. Calculate w(f).
5
Let n(p) be the first derivative of 2*p**3/3 - 3*p**2 + 8*p - 1821. Determine n(2).
4
Let i(r) = -r**2 + 6*r - 2. Let l be i(4). Suppose -2*z - 5*a + 6 = -7*a, -3*z - 2*a = -4. Let v(k) = -16 - 20 + 29 + k**z - 5*k. Give v(l).
-1
Let i(r) = -8*r**3 + 40*r**2 - 147*r + 91. Let m(k) = 7*k**3 - 40*k**2 + 147*k - 92. Let y(d) = -6*i(d) - 7*m(d). Determine y(36).
-10
Let l(g) = -24*g**2 - 68*g - 68. Let s be l(-1). Let m(a) = -5*a - 124. What is m(s)?
-4
Let a(r) = -r**3 - 12*r**2 + 28*r + 4. Let x be a(-14). Suppose -x*g + 19 = 3*z, -3*z = -z + 4*g - 10. Let s(j) = -1 + z + 1 - j. Determine s(7).
2
Suppose 3*t + 14 = -11*t. Let z be (t*24/8)/(-1*1). Suppose w + r = -6, -4*r - 13 = z*w - 2*r. Let v(s) = 5*s**3 - s - 1. What is v(w)?
-5
Let x(k) = 2*k + 1 - k**2 + 3 + 2*k. Let j(i) = -i**3 - 2*i**2 + 3*i + 1. Let v be j(4). Let m = v - -88. What is x(m)?
-1
Let x(w) = -2*w - 1 + 8*w**2 + 5*w + 3 + 3*w**3 - w**3. Let u(g) = -5*g**3 - 23*g**2 - 8*g - 6. Let r(c) = 3*u(c) + 8*x(c). Give r(5).
-2
Suppose -165 = 5*g - 8*g - 4*y, 0 = -5*g - 4*y + 267. Let j = -7 + 11. Suppose -j*u + 67 = g. Let i(n) = -2*n + 6. Give i(u).
-2
Suppose -41 + 449 = 68*g. Let d(y) = -12*y + 59. Determine d(g).
-13
Let z(c) = 16*c**2 - 105*c - 17. Let t be z(7). Let k(y) = y**3 - 30*y**2 - 65*y + 47. Calculate k(t).
15
Let x(k) = k**2 + 6*k. Let a be 0 - (8*-3)/3. Suppose s = a*l - 3*l - 5, -l - 25 = 5*s. Give x(s).
-5
Let s(u) be the second derivative of -37*u**6/120 + u**5/30 - u**4/24 - 27*u**2/2 - 29*u. Let z(p) be the first derivative of s(p). What is z(1)?
-36
Let s(u) = -u**2 + 0*u**2 - 51*u - 1 + 12*u + 37*u. Let q(f) = 3*f + 3 + 2*f - 2*f**2 + 3*f**2. Let x be q(-2). What is s(x)?
-4
Let b(x) be the second derivative of -x**5/20 - x**4/2 + 11*x**3/2 - 7*x**2 + 902*x. Give b(-9).
-68
Let h(o) = -11*o + 13. Let y(f) = -2*f + 2. Let a(i) = -6*h(i) + 34*y(i). Let z be 18 + -1 + 42 + -91 + 41. Give a(z).
-28
Let n be -5*(-78)/140 - (-6)/(-21) - -1. Let d(m) be the first derivative of 5*m - n*m**2 + 7/3*m**3 - 22 - 1/4*m**4. Calculate d(6).
-1
Let h(f) = f + 20. Let w = 5507 + -5525. Give h(w).
2
Let p be 2/(-2)*(-189)/(-27). Let o(m) = m**3 + 7*m**2 + 8. Determine o(p).
8
Let k = -869 + 868. Let f(n) = -n - 3. What is f(k)?
-2
Let z = -444 + 446. Let y(a) = -z - 3*a**2 - 4 - 12 - 2*a + 17. Let s(f) = f**3 - 6*f**2 + 5*f - 2. Let i be s(5). Calculate y(i).
-9
Let z(a) = -a**3 - 9*a**2 + 12*a + 23. Let l = -71 - -61. Let c be z(l). Let r(q) = -4*q + 1170*q**3 - 1169*q**c + 3*q**2 + 1 + q. Calculate r(-4).
-3
Let o be (-2)/(1 + 2/((-10)/7)). Let g be ((-6)/o)/((-2)/((-40)/3)). Let v(x) = -x**3 - 8*x**2 + x + 11. What is v(g)?
3
Let j(k) = -k**2 - 3*k - 3. Let u be -1*(1 - (-1 + 1)). Determine j(u).
-1
Let b = 1045 + -1053. Let k(y) = y**3 + 7*y**2 - 10*y - 11. What is k(b)?
5
Let c(d) = -6*d**2 - 58*d - 21 + 68*d + 3*d**2 + d**2. Give c(6).
-33
Suppose 4*z + s + 10 = 3*s, -4*z - 5*s + 25 = 0. Let t be (-76)/(-16) + ((-40)/(-32) - 2). Let b = t + z. Let y(n) = 2*n**2 - 7*n + 5. Calculate y(b).
9
Let c(x) = -2*x**3 - 14*x**2 + 123*x + 37. Let g be c(-12). Let b(l) = 16*l - 8. What is b(g)?
8
Let n(d) = d**3 - 13*d**2 - 27*d - 12. Let g(j) = -j**3 + 12*j**2 + 22*j + 13. Let b(u) = -3*g(u) - 2*n(u). What is b(11)?
-26
Let u(r) be the second derivative of r**5/20 - 11*r**4/12 - r**2 - 833*r. Give u(11).
-2
Let f(g) = -5*g - 32. Let i be f(-5). Let p(j) = 5*j**3 + 14*j**2 - 23*j + 1. Let z(n) = -2*n**3 - 7*n**2 + 11*n - 1. Let k(c) = i*z(c) - 3*p(c). Give k(6).
-8
Let r(n) = -2 + 4 - 1 + 5*n. Let f(u) = u**3 + 54*u**2 - 113*u - 53. Let x be f(-56). Give r(x).
16
Let a(r) be the third derivative of -r**6/120 - r**5/30 + 2*r**4/3 + r**3/2 - 369*r**2 - r + 2. What is a(-5)?
-2
Suppose 3*d + 23 = 5*i - i, -d = 3*i - 1. Let g be (-4)/i + -2*1. Let k(j) = -121*j + 20. Let f(y) = 21*y - 3. Let a(m) = 6*f(m) + k(m). Calculate a(g).
-18
Let w be (-3 + (-30)/(-4))*2. Suppose 0 = -4*d - w*d + 416. Suppose -30*u + d*u = -2. Let i(r) = 3*r**2 + 